= g - 209*p + 415*p - 208*p. Give k(v).
-7
Let c(w) = 9*w**2 + 5 - 5*w**2 - 7*w**3 - w - 8*w**2. Let a(x) = 15*x**3 + 9*x**2 + 2*x - 11. Let k(z) = 6*a(z) + 13*c(z). Let d = 15 - 13. Give k(d).
-3
Let i(m) be the first derivative of m**4/4 + 4*m**3/3 + 5*m**2/2 + 6*m - 2332. Suppose -4*p = p + 20. Give i(p).
-14
Let h(n) = 0*n**2 + n + 0*n**2 + 3*n**2. Suppose -3*i - 2*b = -16, -7*b + 2*b = -3*i + 2. Suppose 4*r - 8 = i*l, 45*l = 41*l. Calculate h(r).
14
Let p(b) = -b**3 + 8*b**2 + b + 36. Let a be p(8). Let l be ((-231)/a + 6)*4/3. Let g(s) = -s - 1. Give g(l).
-2
Let j(x) = x**3 + 9*x**2 + 8*x - 5. Let m(k) = 2*k**3 + 6*k**2 + 9*k - 8. Let t be m(-5). Let r = 145 + t. Calculate j(r).
-5
Let h(z) = -z**2 - 1. Let p(u) = 6*u**2 - 6*u - 1. Let s(i) = -5*h(i) - p(i). Suppose 0 = 3*g + 5*j + 204, j - 3 = 2*j. Let c = g - -70. Calculate s(c).
-1
Let v(b) = -22*b + 46. Let r be v(2). Let d(q) = -84 + 36 - r*q + q**2 + 47. Calculate d(-5).
34
Let i(k) be the second derivative of -5*k**4/12 - 11*k**3/6 + 4*k**2 + 23*k. Let p(c) = 8*c**2 + 21*c - 16. Let w(g) = -5*i(g) - 3*p(g). Give w(7).
1
Suppose -30628 = -32*a + 21180. Let w(t) = -3*t + a + 5*t - 1622 - 4*t. Suppose -2*g = -0*g + 10. Determine w(g).
7
Let x(l) = -15*l**2 - l - 1. Let o(a) be the second derivative of -a**4/12 + 23*a**3/6 + 49*a**2/2 + 7*a + 7. Let u be o(25). Calculate x(u).
-15
Let t(c) be the first derivative of -c**2 + 11*c - 11. Let b be t(4). Let o(g) = -78*g + b - 77*g + 150*g. What is o(-5)?
28
Let s(u) = -3*u - 8. Let z(r) = -5*r - 8. Let j(t) = -5*s(t) + 4*z(t). Let x be j(2). Let c(o) = -o**3 + o**2 + o. Determine c(x).
10
Let x(o) = o**2 - 28. Let d be (-10)/25*(-1 - 4). Suppose -18*l + 23*l = -d*f - 10, -3*f - 2*l - 4 = 0. Calculate x(f).
-28
Let b be (715/(-975) + (-4)/(-3))/((-6)/(-20)). Let l(n) = 5*n**2 + 9*n - 20. Calculate l(b).
18
Let v(x) = x + 4. Let r be v(-3). Let c(l) be the third derivative of -7*l**2 + 0*l**3 - 1/24*l**4 - 13*l + 0 + 1/60*l**5. Calculate c(r).
0
Suppose 11*j = 63*j + 208. Let u(q) = -11*q - 47. Give u(j).
-3
Let n(t) = 12*t - 14. Let k = -71 - -73. Let l be n(k). Let d(r) = r**2 - 11*r + 10. Determine d(l).
0
Let x(q) be the second derivative of 2*q**4 - 2*q**3/3 - 3*q**2/2 - q - 359. What is x(-1)?
25
Let g(k) be the third derivative of -k**7/2520 + k**6/240 - k**4/12 - 9*k**3/2 - 58*k**2 + k. Let j(o) be the second derivative of g(o). What is j(3)?
0
Let b = 40 + -34. Let t(n) = -2*n - b + 4 + 3 - 9*n. Suppose 24*k = 14*k + 10. Give t(k).
-10
Let z = -24 - -28. Suppose 0*m - 2*m = -2*f - 18, 4*f - z = -m. Let h(g) = -m - 7*g**2 + 7 + 8*g**2 - g. What is h(0)?
-1
Let q(u) = u**2 + 8*u + 2. Let f = 36 - 34. Let i(s) = 12*s + 11*s - 5 - s**f - 18*s. Let y be i(5). Calculate q(y).
-13
Let x(o) = -o**3 + 9*o**2 - 4*o + 6. Let n be x(3). Let d(s) = 64 - 2*s - n + s. Give d(11).
5
Let w(a) = -5*a**2 + 2*a - 12. Let v be w(0). Let y(o) be the second derivative of o**3/6 + 6*o**2 + o. Calculate y(v).
0
Let x(s) = 244 + 2*s - 131 - 134. Let f be x(9). Let p(d) = d + 1. What is p(f)?
-2
Let m(k) = -k**3 - 4*k**2 + 3*k. Let y(h) = -h**3 - 3*h**2 + 3*h. Let f(r) = 4*m(r) - 5*y(r). Let g be (-7)/5 + (-2025)/(-375). What is f(g)?
36
Let p be -1 + ((-68)/(-16) - 10/8). Suppose i - 6*i = 4*v + 6, 3*i + 14 = -5*v. Let g(d) = -2*d + 5*d - d - 6*d**3 + 3*d**3 - i*d**2. Determine g(p).
-28
Let u be (-540)/(-21) - 4/(-14). Let p = u + -23. Let k(i) = -6*i - 63 + 67 + 4*i**2 + 2*i - i**p. Determine k(3).
1
Let q(o) be the second derivative of -28*o + 1/24*o**4 + 0 + 5/6*o**3 + 37/2*o**2. Let u(a) be the first derivative of q(a). What is u(4)?
9
Let t(p) = -5*p - 2. Let l(g) = -g**2 + 96*g - 1016. Let d be l(84). Give t(d).
38
Suppose 0 = 27*f - 13*f - 28. Suppose 7 = 2*s + 3. Suppose 2*z - d = -0 - 2, s = -f*z + 5*d. Let h(r) = 21*r - 1. Determine h(z).
-22
Suppose -2 = -4*n + 2. Let q(z) = 37*z - 2*z**3 - 76*z + 0*z**3 - 1 + 40*z. Calculate q(n).
-2
Let k(b) = b - 1. Suppose -w + 3*n - 4*n = 1, 4*w = -n + 11. Let o be k(w). Suppose m - 2*m - 10 = 4*l, -o*m + 4*l = -2. Let h(v) = -v. What is h(m)?
2
Let c(r) be the first derivative of -r**3/6 - r**2 + 47*r + 5. Let o(b) be the first derivative of c(b). What is o(-5)?
3
Suppose -n = -4*z - 34, -2*n = 2*z - 2 + 4. Let x(a) = 9*a + 68. What is x(z)?
5
Let x(f) = 119 - 9 + 5*f - 9*f + 152 - 3*f. What is x(35)?
17
Let d(k) = 231*k - 6 - 84*k - 67*k - 81*k. Suppose 3*s + 12 = s. Give d(s).
0
Let z(n) = n**2 + 3*n. Let g be (1 - 23)/((-3)/9*-3). Let d be 209/g - ((-5)/(-2) + -2). Let x be ((-10)/(-5))/((d/3)/5). Determine z(x).
0
Suppose 27*o - 32 = 76. Let h(n) = -n**2 + 17. Let y be h(o). Let u(x) = -3*x + 1. What is u(y)?
-2
Let t(s) = -3*s. Let a(p) = -3*p - 3. Let b be a(-6). Let g = 7 - b. Let x = -12 - g. Calculate t(x).
12
Let f be (4/26 + (-6)/39)*-1. Let l(w) = -w**2 + 2*w. Calculate l(f).
0
Suppose -5*v - w = -25, -v + 5*w - 13 = 2*v. Let a be 3/(-6)*(-8)/v. Let y(c) = -15*c. Let u(j) = -j. Let g(n) = 33*u(n) - 2*y(n). Give g(a).
-3
Let n(l) = l**2 + l - 14. Suppose -2*g + 0*g - 967 = -977. Determine n(g).
16
Let u = -255 - -273. Suppose 0*k + u = b - 4*k, -2*b + 4*k = -24. Let m(a) = a**3 - 6*a**2 + a + 8. Calculate m(b).
14
Let z(g) = g + 8. Let y(b) = -3*b**2 - 40*b. Let x be y(-10). Let u be ((-240)/x)/(4/(-10)). Give z(u).
14
Let c(d) = 3*d - 10. Let v be ((-24)/(-72))/(5/90). Give c(v).
8
Let d(b) = 53 + 2*b - 25*b**2 + 28*b**2 - 4*b**2 + 3 - 9. Determine d(0).
47
Let w(v) = -v**3 + 21*v**2 - 261 + 543 - 285 - 37*v. What is w(19)?
16
Let w(z) = -9*z - 1. Suppose -142*v + 153*v + 33 = 0. Let x(o) = 6*o + 1. Let r(g) = v*w(g) - 2*x(g). What is r(2)?
31
Let g(m) = -4*m**2 - 7*m - 3. Let p be (4 - 2)*((-60)/100)/((-4)/(-10)). Calculate g(p).
-18
Let l(z) = -22*z - 1. Let u(s) = 3 + 14 + s**2 - 34 + 2*s - 5*s. Let w be u(6). Determine l(w).
-23
Let u = 0 + 13. Let s be 91/u - -3*1. Let b(v) = -10*v - 11 + 5 + v**3 - 1760*v**2 + 1751*v**2. Give b(s).
-6
Let a(c) = c + 4. Let x(k) = -4*k - 45. Let d(q) = 30*a(q) + 5*x(q). Give d(10).
-5
Let v(q) = -q**3 - 13*q**2 - 9*q + 25. Suppose 20266*n - 156 = 20279*n. What is v(n)?
-11
Let m(q) = -2*q + 5. Let y be 6/(-60)*0 + 1*20. Let u be (y/50)/(4/80*2). Give m(u).
-3
Let c(v) = -6*v + 4*v - 258 + 48 + 138 + 9*v. Determine c(10).
-2
Suppose 0 = 16*d - 83 - 61. Let c(x) = -d*x**2 + 12*x**2 - 2*x - 2 + 0 + x. What is c(2)?
8
Let r(h) be the third derivative of h**6/120 - h**5/6 + 17*h**4/24 - 2*h**3/3 + 260*h**2 + 2. Calculate r(8).
4
Let c(y) = -225*y - 2246. Let m be c(-10). Let n(k) be the third derivative of -9*k**2 + 1/8*k**6 - 1/6*k**3 + 0*k**5 + 0*k + 1/24*k**m + 0. Calculate n(1).
15
Let p(t) = t**3 - t**2 - 22*t - 9. Let n be p(-4). Let h be (-4 - (2 + -6 + 3)) + n. Let x(g) = -2 + 0 + 3*g - 3. Calculate x(h).
-17
Suppose -11*h + 7*h = -2*u - 2, -5*u + 37 = 4*h. Let v(b) be the second derivative of 0 + 4/3*b**h - 31*b + 3*b**2. Determine v(-4).
-26
Let d(h) = -7*h**2 - 4*h - 4. Let r be d(-1). Let b be 1/(2 + (70/4)/r). Let i(y) = -y**2 + 3*y + 5. Determine i(b).
-5
Let s = 1790 + -1788. Let m(q) = 4*q - 30. What is m(s)?
-22
Let t(p) = 157*p + 158*p - 144*p - 5 - 172*p. Let l = -1 + 1. Suppose -3*y + 0*y = l. Calculate t(y).
-5
Let b = 2578 - 2586. Let u(m) = m**3 + 8*m**2 - m - 2. Calculate u(b).
6
Suppose -10 = -5*u, i + 3*u = 4*i. Let b(m) = 4*m + i + m - 3*m + 0*m. Let o be (-53)/371 + 102/(-21). Calculate b(o).
-8
Let c = -4448 - -4458. Let o(r) = -r**2 + 15*r + 8. What is o(c)?
58
Suppose 20 = 30*a - 25*a. Let n(w) = -w - 8. Let i(m) = -m - 6. Let y(u) = a*n(u) - 5*i(u). Determine y(2).
0
Let k(w) be the second derivative of -w**5/20 - 2*w**4/3 + w**3 - 5*w**2/2 + 970*w. Suppose j + 12 = -5*l - 7, 4*l = -2*j - 26. Give k(j).
22
Suppose -6*a + 3*a + 5*l = 16, 3*l = -4*a + 27. Let c(j) = 3*j**2 - 6 + a + j**2 + 4*j**2 - 7*j**2 - 17*j. Determine c(17).
-3
Let a be ((125/2)/(-5))/(1/(-4)). Let v(s) = -s**3 - 13*s**2 - 3*s + 15. Let z be v(-13). Let k = a - z. Let o(p) = -p**2 - p + 3. Determine o(k).
-9
Let g = 5 - 2. Let h(z) = 36*z - 6. Let u(b) be the first derivative of 17*b**2/2 - 3*b - 56. Let n(y) = -6*h(y) + 13*u(y). Give n(g).
12
Let o(i) be the third derivative of -19*i**4/24 - 70*i**3/3 - 1669*i**2. Determine o(-7).
-7
Let k(a) = a + 2228